 of z?
9
Let z = 17 + -2. What is the units digit of z?
5
Suppose 8*c - 3*c + 10 = 0, -4*b + 332 = 4*c. What is the tens digit of b/6 + (-1)/6?
1
Let o = -36 - -282. What is the tens digit of o?
4
Suppose 3*c - 43 = -4*v, 5*c + 7*v - 4*v - 57 = 0. Suppose 5*b = c + 61. What is the tens digit of b?
1
Let q be 6/(-10) + 65/25. Suppose -4 = -q*x - 0. What is the units digit of x?
2
Let t = 14 + 2. What is the units digit of t?
6
Let d = -29 + 100. What is the units digit of d?
1
Let y = 12 - 4. Suppose 4*x - y = 12. What is the units digit of x?
5
Let t be 5*(72/(-15))/(-4). Suppose t*d - 2 = 4*d. Suppose 2*o = o + d. What is the units digit of o?
1
Suppose 0 = -4*c + 440 + 48. What is the units digit of c?
2
Suppose -4*n - 2*s = 2*s - 832, 2*n - 5*s - 444 = 0. What is the hundreds digit of n?
2
Suppose 5*z - 6 = 3*z. Suppose -g - 11 = -5*j, z*g - 20 = -4*j + 4. What is the units digit of j?
3
Let h be (-6)/4 + (-51)/(-6). Let i = -5 + h. Suppose b + i*b = 60. What is the units digit of b?
0
Suppose 4*u + 5*f = 124, -6*u + 4*f + 88 = -2*u. Suppose 0*b = b + 4, 0 = 2*p - 4*b - u. What is the units digit of p?
5
Let h be (-4)/(-14) - 78/(-21). Suppose -8*b + 44 = -h*b. What is the tens digit of b?
1
What is the units digit of 124*4*3/24?
2
Let x = 0 - -6. Suppose 82 + 92 = x*d. What is the units digit of d?
9
Let g(v) = 21*v**2 + v - 1. What is the units digit of g(1)?
1
Suppose 20 = -k + 5*k. Suppose k*h - h - 72 = 0. Suppose 2*v - h = -2*y, -4*v + 12 = -3*y - 3. What is the units digit of v?
6
Let x = 0 + 0. Suppose x = -5*t - 2*v + 54, -4*v = -0*t - 5*t + 72. What is the units digit of t?
2
Let g be (-3)/9*66/(-1). What is the units digit of g/10 - 3/15?
2
What is the units digit of (-4 - -1)/(42/(-266))?
9
Let h(m) = m**2 - 6*m + 2. Let j be h(4). What is the units digit of 25 + (j/(-3) - -1)?
8
Suppose 35 = 5*i - 5*s, 2*i - 4*i + 3*s = -17. Suppose -i*a - 120 = -5*y - 29, 2*a - 22 = -2*y. What is the units digit of (2/5)/(3/y)?
2
Let d(u) = -u**2 + 6*u + 5. Suppose 4*y + 2*f - 32 = 0, 2*y = 5*y - 2*f - 17. Let o be d(y). What is the units digit of -12*(o - 3/(-2))?
6
Suppose 0*x - 3*x + 270 = 0. What is the units digit of x?
0
Let x(k) = 2*k**2 - 4. What is the tens digit of x(-5)?
4
Let o(m) = -m**3 + 4*m**2 + 5. Let t be o(4). Suppose 5*w + t*h - 17 - 113 = 0, 5*h + 38 = 3*w. What is the tens digit of w?
2
Suppose -3*b + 60 = -2*m + 7*m, 5*m - 2*b = 85. What is the units digit of (6/m)/((-2)/(-20))?
4
Let g = 2 + -3. Let n(m) = -5*m + 1. Let p(q) = -q + 1. Let v(s) = g*n(s) + 2*p(s). What is the units digit of v(2)?
7
Suppose 3*l + 20 + 7 = 0. Let c(k) = -k**2 - 8*k + 10. What is the units digit of c(l)?
1
Let w = -25 + 38. Let c = w - 8. Suppose -4*l = 16, -c*k - 3*l + 0*l + 13 = 0. What is the units digit of k?
5
Let r(k) = -k**3 + 9*k**2 - 3*k - 10. Suppose -4*x + 32 = -4*f, -4*x = -3*f - 29 - 3. Let i be r(x). What is the units digit of (32/20)/(4/i)?
2
What is the units digit of ((-128)/(-12))/((-2)/(-6))?
2
Let q = 18 - 15. Suppose 0 = 4*t - 2*t + 2*p + 6, -5 = -5*p. What is the units digit of t/3*q*-1?
4
What is the units digit of 3 + (-4 - (-29 + -3))?
1
Suppose 3*g = 3*i - g - 28, 5*i = -4*g + 4. Let z = 4 - i. Suppose z = -m + 6*m - 25. What is the units digit of m?
5
Let y = -10 + 15. Let w be 55*(-1 + 7/y). Suppose -3*c = -c - w. What is the units digit of c?
1
Let b = 136 + -31. What is the units digit of b?
5
Let k(z) = -z. Let c(a) = -a**2 + 8*a - 10. Let v be c(7). Let d be k(v). Suppose 5*l - d*i = -5*i + 39, l = -3*i. What is the units digit of l?
9
Suppose 0 = 4*q + 44 - 0. Let u = q - -5. What is the units digit of (-23)/(-3) - 2/u?
8
Suppose g = 1, 0 = -5*s - 4*g + 811 - 107. What is the hundreds digit of s?
1
Let d(f) = -8*f + 10. What is the tens digit of d(-6)?
5
Let p = -8 - -3. Let z = 2 + p. What is the units digit of (-16)/(-3) - (-1)/z?
5
Let x(l) = l**3 + 4*l**2 - 6*l - 4. Let p be x(-5). Let m be 3/9*3 - p. Suppose -5*o - 4*z = -m - 1, -2*o - z + 1 = 0. What is the units digit of o?
1
Suppose 5*c - 15 = -0*c - 5*d, 3*c - 2*d - 34 = 0. Suppose -c*s + 60 = -3*s. What is the tens digit of s?
1
Let s(c) = -c**3 - 4*c**2 + 7*c - 20. What is the units digit of s(-7)?
8
Let z = -4 + 6. Let s be z/2*(17 - 8). What is the units digit of 2/(0 - (-3)/s)?
6
Let q = -12 + 24. Let f(k) = -k + 0*k**2 - 2 + q - k**2. What is the units digit of f(0)?
0
Suppose -a - 2*a = 0. Suppose 21 = -2*q + 5*j, 1 = q - 3*q + j. What is the units digit of (8 - q) + (-2 - a)?
4
Suppose -4*d + 21 = -251. What is the tens digit of d?
6
Let u(s) = -3*s**3 + 3*s**2 + 2*s + 1. Let c be u(-2). What is the units digit of (c/(-3))/(2/(-4))?
2
Let i = 1 + 0. Let m be (-1)/(-3) + i/(-3). Suppose m = -5*p + 2*p + 21. What is the units digit of p?
7
Let u(w) = w + 21. Suppose -y - 30 = 3*m, -4*y - 24 = 3*m - 5*y. What is the units digit of u(m)?
2
Let b = 91 - 24. What is the tens digit of b?
6
Let x = 48 + -34. Let t(q) = 5*q**3 - q**2 - q - 1. Let c be t(-1). Let h = c + x. What is the units digit of h?
8
Suppose -3*l + 1 = -5. Suppose u + l*u = 9. What is the units digit of u?
3
Let o be ((-60)/(-2) - -3) + -3. Suppose l + 2*w + 0*w - o = 0, 5*w = -5*l + 170. What is the tens digit of l?
3
Let i be (-3)/5 - (-128)/5. Suppose -4*f + 9*f = -3*c + i, -2*c = -3*f - 42. Suppose c = 2*a - 1. What is the units digit of a?
8
Let f(j) = 2*j**2 - 5*j + 9. What is the units digit of f(2)?
7
Suppose 5*f + 4*y - 609 = 0, 2*f + 0*y = 2*y + 258. Suppose 0*j + 5*j = f. What is the tens digit of j?
2
Suppose 0 = l + 5*v - 19, -7*v + 3*v = 2*l - 20. Suppose -c + 2*r = 2, -l*c + 2*c = -3*r + 2. Suppose -j = c*j - 21. What is the units digit of j?
7
Let n = 445 - 317. What is the tens digit of n?
2
Let g(h) = -9*h**2 + 2*h - 1. Let i be g(1). What is the units digit of 35/20 + (-2)/i?
2
Suppose 2*l - 7*l + 25 = 0. Suppose -5*p = -c - 10 - 4, 4*c = -l*p + 19. Suppose 2 = 3*t - c. What is the units digit of t?
1
Let q = 89 + -44. What is the units digit of q?
5
Let h(t) be the third derivative of t**6/120 + t**5/15 + 2*t**3/3 - 2*t**2. Let l be h(-4). Suppose -l*a + 41 = -15. What is the tens digit of a?
1
Let f(d) = 83*d - 8. What is the hundreds digit of f(2)?
1
Suppose -123 = -2*m + 3*y, -3*m + 176 = 7*y - 3*y. What is the units digit of m?
0
Let l(f) = -f**2 - 19*f + 3. What is the tens digit of l(-15)?
6
Suppose 0*s + 70 = 3*u - s, -u = 4*s - 6. What is the tens digit of u?
2
Let h(d) = 4*d - 11. What is the tens digit of h(7)?
1
Let m(c) = c**2 - 4*c + 4. What is the tens digit of m(11)?
8
Suppose 5*o + f = -2*f + 19, 3*o - 2*f = 0. Let y = 15 - o. What is the tens digit of y?
1
Suppose 3 = -3*g, -b - 2*b + 3*g = -36. Let j = -3 + b. What is the units digit of j?
8
Suppose -z = -2*l - l - 26, -2*z = l - 73. What is the units digit of z?
5
What is the units digit of (-42)/8*(-64)/12?
8
Let c(p) = -24*p**3 + 4*p**2 - 6*p - 6. Let g(w) = -23*w**3 + 3*w**2 - 5*w - 5. Let z(o) = -4*c(o) + 5*g(o). What is the units digit of z(-1)?
8
Suppose 4*u = -5*n + 25, u + 5 = 4*n - 15. Suppose n*r - r - 388 = 0. Suppose 0 = -4*m - 3*y + r, -3*y = 2*m - 11 - 42. What is the units digit of m?
2
Let s(u) = -u + 14. Suppose 6*p - 42 = 3*p. Let q = p - 5. What is the units digit of s(q)?
5
Let q(p) = 5 - 3 + 1 + 2*p + 0*p + 3*p**2. What is the tens digit of q(-2)?
1
Let g(w) = -w**2 - 9*w + 5. Let l be g(-7). Let u = l - 11. What is the units digit of u?
8
Let m = 149 + -52. What is the tens digit of m?
9
Let z = -5 + 17. What is the tens digit of z?
1
Let i = -1 - -1. Let z be 0/(i/(-3) + 2). Suppose -2*n - n - 3 = 5*u, 4*n - u - 19 = z. What is the units digit of n?
4
Let w(f) = -f - 2. Let p be w(2). What is the units digit of p/(-6) - 122/(-6)?
1
Suppose 0 = -4*m + 13 + 23. What is the units digit of m?
9
Suppose q = -2*q + 30. Suppose -5*h = -0 - q. What is the units digit of h?
2
Let d = 6 - 4. Suppose 0 = 2*o - 10, -f + d*f - 3*o + 11 = 0. Let l = 15 - f. What is the tens digit of l?
1
Suppose -3*b - 4*y = -154, 71 = 3*b + 5*y - 81. What is the tens digit of b?
5
Suppose 3*y + 5*l = 6*l + 160, 0 = -5*y - 2*l + 274. What is the tens digit of y?
5
Suppose -132 - 250 = -2*s. What is the tens digit of s?
9
Let b = 328 + 37. What is the units digit of b?
5
Suppose -7*g + 5*g + 84 =